. List the prime factors of 6 + (-3 + 1 - h).
2, 3
Let l = 50 - 5. List the prime factors of l.
3, 5
Suppose -2*c - g - g = -16, 0 = 2*c - 4*g + 14. Let v be (-3)/5 + (-4)/10. Let d = c - v. What are the prime factors of d?
2
Let i(t) = -t**3 + 12*t**2 - t + 15. Let r be i(12). Let c(a) = -4*a + 1. Let d be c(r). Let q = d + 16. What are the prime factors of q?
5
Let l(w) = w**3 - 7*w**2 + 8*w - 9. Let c be l(6). What are the prime factors of 93/9 + (-1)/c?
2, 5
Let l = 291 - -23. What are the prime factors of l?
2, 157
Let l(c) = 6*c**3 - 3*c**2 + c - 2. What are the prime factors of l(2)?
2, 3
Suppose -61 - 249 = -2*w. What are the prime factors of w?
5, 31
Suppose -5*t + 16 = g - 10, -5*t - 37 = -2*g. List the prime factors of g.
3, 7
Suppose 1445 = 5*p + o, 2*p + 0*o = -o + 578. List the prime factors of p.
17
Let z(o) = o**2 - o + 3. Let a be z(0). Suppose -3*b + a*t = -0*b - 6, 3*t = -6. Suppose b = -x - 2, 2*i + 0*i + 4*x - 26 = 0. List the prime factors of i.
17
Let w(a) = 3*a**2 - 3*a - 1. Let v be w(-2). Let o = v + -1. Let q = -7 + o. What are the prime factors of q?
3
Let n = 9 - 17. Let i = n + 13. List the prime factors of i.
5
Let g(m) = -12*m + 12*m + 3 + m**2. Suppose 0 = -0*u - 2*u. List the prime factors of g(u).
3
Suppose -8 = -5*y + 2. Suppose 3*d = 4*h - 38, y*d = -h - h + 26. Suppose -1 = k, -3*j = -4*k - k - h. List the prime factors of j.
2
Let c(p) = p**2 - 3*p + 7. What are the prime factors of c(12)?
5, 23
Let a = 0 + 2. Suppose -m + 3 = x, -a*m + 4 = 3*x - 1. List the prime factors of 2/m*4/1.
2
Suppose -2*j = -137 - 215. Suppose 0 = -4*p - 0*p + j. List the prime factors of p.
2, 11
List the prime factors of ((-2709)/3)/(-3)*(-12 - -13).
7, 43
Let d be (-4)/8 + (-22)/(-4). Suppose -8 = -t + d*t. Let h = t + 4. List the prime factors of h.
2
Let s = 6 - -8. Let y = s + -8. Suppose 3*d = n - 5 - 10, 3*n = -4*d + y. List the prime factors of n.
2, 3
Let s = 293 - 209. Suppose -4*p = 5*m - s, 0 = -5*p + m - 4*m + 105. What are the prime factors of p?
3, 7
Let w = -3 + 3. Suppose 5*l - 2 = t - w*t, -l = -2. What are the prime factors of t?
2
Let f = 0 + -1. Suppose 5*w = 2*k - 10, -3*w - 3*k + 15 = w. What are the prime factors of (-11*(1 - w))/f?
11
Suppose -3*g + n + 8 = 0, 0*n - 3*n = g + 14. Let p = 4 - g. Suppose -5*w + 5*o + 65 = 0, -w + 50 = p*w - 3*o. List the prime factors of w.
11
Suppose 0 = 2*y + 4*o - 144, 6*y = 2*y + o + 315. What are the prime factors of y?
2, 3, 13
Let i be 540/25 + 4/10. Suppose -18 = -4*t + i. List the prime factors of t.
2, 5
Let d(x) = x**3 + 4*x**2 + x - 3. Let n be d(-3). Suppose -c - 5*b + 24 = 0, 0 = c + c + b - n. What are the prime factors of 0 - (0 + 9)*c?
3
Suppose -p + 11 + 1 = 5*o, 3*o + 2 = 4*p. Suppose p*k = -2*k + 64. Suppose 3*i - 5 = k. What are the prime factors of i?
7
Suppose -6 = -q + 41. List the prime factors of q.
47
Suppose 6*r - 688 - 272 = 0. List the prime factors of r.
2, 5
Suppose 3*c + 2*w - 713 = -3*w, 5*w + 1175 = 5*c. Suppose -c = 4*v + 4*m, 142 = -2*v + m + 3*m. List the prime factors of ((-6)/(-9))/((-6)/v).
7
Let y = -6 - -6. Let m = -3 + 6. Suppose y*k - m*v - 36 = -3*k, -3*v - 64 = -5*k. List the prime factors of k.
2, 7
Suppose 3*q - 23 = 34. What are the prime factors of q?
19
Let j = 93 + -7. List the prime factors of j.
2, 43
Let g = 19 - -7. List the prime factors of g.
2, 13
Let z(q) = -q**2 + 7*q + 10. Let f(m) = 2*m + 2. Let j be f(3). Let b be z(j). Suppose 4*k = -2*g + 30, -3*k - 39 = -b*g + 5. List the prime factors of g.
19
Suppose 0 = 7*d - 2*d + 1470. What are the prime factors of (-4)/(-10) - d/15?
2, 5
Let t = -84 - -215. List the prime factors of t.
131
Let k be ((-1)/4)/(6/(-24)). Let g = 7 + k. What are the prime factors of 3 + 0 + g - -2?
13
Suppose 4*j + 2*l = 18, j - 2*j + 5*l - 12 = 0. Suppose -11 - 1 = -2*w + 2*p, -5*w = j*p - 14. Suppose b + w*b - 30 = 0. List the prime factors of b.
2, 3
Let s = -66 + 293. List the prime factors of s.
227
Suppose -5*l + 3*l - 25 = 5*u, 4*u = -3*l - 20. Suppose l = -3*b - 5*m - 17, 9*m + 20 = 4*m. What are the prime factors of b/(1 + 2/(-4))?
2
Let m be 87/(-15) - 12/(-15). Let c(d) = 2*d**2 + 4*d - 4. List the prime factors of c(m).
2, 13
Suppose -9*q + 2368 = -q. What are the prime factors of q?
2, 37
Suppose 164 = 2*r - 2*w, w = -r - 3*w + 57. What are the prime factors of r?
7, 11
Suppose 5*d - 155 = -4*i, 0*d = 5*i + 4*d - 187. What are the prime factors of i?
5, 7
Let y(b) = 14*b**3 - 26*b**2 + 9*b - 11. Let o(l) = 5*l**3 - 9*l**2 + 3*l - 4. Let s(z) = 11*o(z) - 4*y(z). What are the prime factors of s(4)?
2
Let h = 76 - 29. List the prime factors of h.
47
List the prime factors of 8/(-10) - 1056/(-20).
2, 13
Let m(z) = 3*z**2 + 12 + 0*z**2 - 4*z**2 - 3*z - 5*z. What are the prime factors of m(-9)?
3
Let l(a) = -a**2 + 7*a - 1. Let v = 12 - 6. What are the prime factors of l(v)?
5
Suppose 5*k - 600 = 2*m, 5*m + 435 = 3*k + 75. Suppose 4*y - k + 36 = 0. Suppose 4*l + 5*s = 40, -2*l + 7*l - s - y = 0. What are the prime factors of l?
5
What are the prime factors of (98/8 - 3)*(7 + 1)?
2, 37
Let i(p) be the third derivative of -p**5/60 + 7*p**4/24 - p**3/2 - 2*p**2. List the prime factors of i(5).
7
List the prime factors of 3*(-1)/(15/(-85)).
17
Let v(t) = t**3 - 2*t**2 + 3*t - 2. Let z be v(2). Suppose 0*l = z*l + 24. Let g(o) = -o**3 - 7*o**2 - 8*o - 6. List the prime factors of g(l).
2, 3
Let l be (-5)/2*(-72)/210*7. Let j be (-33)/9 + (-1)/3. List the prime factors of 21*(-1)/(l/j).
2, 7
Let t be 226/14 - (-9)/(-63). List the prime factors of (231/44)/(6/t).
2, 7
Let b(z) be the third derivative of z**8/20160 + z**6/60 + z**5/60 - z**2. Let j(p) be the third derivative of b(p). What are the prime factors of j(0)?
2, 3
What are the prime factors of (-808)/(-12) + 6/9?
2, 17
Suppose -5*s = 3*u + 31 - 9, -5*s - 20 = 5*u. Let o be 7 + 2/(1 - 2). Let h = u + o. What are the prime factors of h?
2, 3
What are the prime factors of 16 - 0/(-1)*-1?
2
Let k = -5 - -10. Let r(u) = -8*u**3 - u**2 - u. Let b be r(-1). What are the prime factors of (3 - k)/((-1)/b)?
2
Let l(b) = -8*b. Let a(x) = -x. Let f(h) = 6*a(h) - l(h). List the prime factors of f(2).
2
Let k be 6 - (-3)/(3/(-2)). Let p(s) = -15*s**3 - 1. Let d be p(-1). Suppose k*t = 20, -4*l = -7*t + 5*t - d. What are the prime factors of l?
2, 3
Let t(m) = -m + 8. Let b be t(6). Suppose 3*d + 10 = -2*n, 0*d + 12 = 4*n - b*d. What are the prime factors of -1*(-7 + 2)*n?
5
Let m(z) = -z**2 - 3*z + 2. Let g be m(-4). Let t(r) be the first derivative of 4*r**3/3 + r**2/2 + r + 11. List the prime factors of t(g).
3, 5
Let r(s) = -s**2 + 10*s - 1. Let i be r(10). Let v(x) = -14*x + 1. List the prime factors of v(i).
3, 5
Let w be 4/(-2 + 39/21). List the prime factors of w/(4/(0 - 8)).
2, 7
Suppose a - 22 = 2*a. Let c = -13 - a. List the prime factors of c.
3
Let t(h) = -h**3 - 4*h**2 - 4*h - 5. Suppose -4*n = -1 + 17. What are the prime factors of t(n)?
11
Let a(i) = i**3 - 12*i**2 + 9*i + 2. Let k be a(11). What are the prime factors of ((-45)/25)/(6/k)?
2, 3
Let w(i) = i - 4. Let y be w(7). Suppose 8 = 5*u - y*u. List the prime factors of u.
2
Let w(j) = -2*j**2 + 17*j + 15. Let m(i) = -3*i**2 + 25*i + 22. Let x(z) = 5*m(z) - 7*w(z). What are the prime factors of x(5)?
2, 5
Let p = 94 + -220. What are the prime factors of 1/(-2) + p/(-12)?
2, 5
Let a = -5 + 21. Suppose -r + 2*k + 20 = 0, -k + 40 + a = 5*r. List the prime factors of r.
2, 3
Let r(a) = -2*a - 2. What are the prime factors of r(-7)?
2, 3
Let d be (-2)/(-2) - (5 - 56). Let h(x) = x**3 + 6*x**2 + x + 8. Let c be h(-6). Suppose d = 6*o - c*o. What are the prime factors of o?
13
Suppose -2*s + 775 = 279. List the prime factors of s.
2, 31
List the prime factors of 1/1 + 3 + 0.
2
Suppose -34*g + 33*g = -136. What are the prime factors of g?
2, 17
Suppose 0*q = 3*q + 9. Let k(d) = -d**3 - 3*d**2 - d - 3. Let p be k(q). What are the prime factors of 12 - p - (-4 + 2)?
2, 7
Let s be (0 - -2) + -3 + 3. Let p(y) = 4*y - y + 3 - s*y. What are the prime factors of p(3)?
2, 3
Suppose 5*j - 3 = 4*j, -3*s - j + 30 = 0. Let b be s*(-2 + (-3 - 16)). List the prime factors of (-2)/11 - b/11.
17
Suppose -o + 5*k - 9 = 0, 29 = o + 5*k + 8. List the prime factors of ((-9)/o - -3)*16.
2, 3
Let 